. Let l = -1 - -11. Calculate the remainder when i is divided by l.
7
Let n(w) = 3*w + 8 - 2*w - 2. Suppose -87 = 6*b - 35*b. What is the remainder when n(0) is divided by b?
0
Let u(g) = g**3 + 10*g**2 + 8*g + 7. Calculate the remainder when 76 is divided by u(-9).
12
Suppose 0*r - 45 = -5*r. Suppose -3*w = -q - 12, 0*w + 2*w - q = r. Let g = -4 - -7. What is the remainder when w is divided by g?
0
Calculate the remainder when 192 is divided by ((-24)/5 + -3)/(1/(-5)).
36
Suppose 15 = 5*b + 4*h - 27, 5*h = 5*b - 15. What is the remainder when 10 is divided by b + (-5)/(20/8)?
2
Suppose 2*j = -d - 10, -3*j - 3*d + 0 = 18. Let p be (-12)/(-9) - j/6. Calculate the remainder when (-16)/(-3) + p/(-6) is divided by 3.
2
What is the remainder when ((-13)/3)/((-8)/24) is divided by 4?
1
Let m = 8 + -4. Suppose 6*h = 3*z + m*h - 31, 5*z = -4*h + 15. Calculate the remainder when z is divided by ((-2)/4)/((-2)/12).
1
Calculate the remainder when 168 is divided by 4/(-4)*-1 + 16 + 0.
15
Suppose 0*j + 5*j - 100 = 0. Suppose 0*i = -2*i + j. What is the remainder when 18 is divided by i?
8
Let u(z) be the second derivative of 5*z**3/2 + z**2 + z. Let i be u(4). Let t = i + -39. What is the remainder when t is divided by 12?
11
Let w = 4 + -17. Let t = w - -44. What is the remainder when t is divided by 11?
9
Let w(q) = -2*q**3 + 28*q**2 + q - 12. Calculate the remainder when 2 is divided by w(14).
0
Let s(n) = n**3 - 4*n**2 - n + 5. Suppose -2*f + r + 12 = 0, 3*f - r = 4*f. Calculate the remainder when 1 is divided by s(f).
0
Let o(h) be the first derivative of -2*h**2 - 2*h - 2 + 2/3*h**3. Calculate the remainder when o(5) is divided by 15.
13
What is the remainder when 91/2 + 15/(-10) is divided by 5?
4
Suppose -3*g = -g - 2. Suppose -1 = 2*b - 11. Calculate the remainder when 39*(g + 4/(-6)) is divided by b.
3
Suppose -7*i + 3*i + 28 = 5*b, -2*i - 16 = -5*b. Calculate the remainder when 2 is divided by i.
0
What is the remainder when 22 is divided by (-12 - -4)/((-8)/12)?
10
Suppose 0 = 4*c - 4, -3*c - 250 = -4*l + 3. What is the remainder when l is divided by 13?
12
Calculate the remainder when 74 is divided by (-17 - (0 + -2))/(-1).
14
Let v(o) = o**3 + 5*o**2 - 2*o + 5. Let t = 16 + -1. Calculate the remainder when v(-4) is divided by t.
14
Let t = 64 + -28. Let o = -24 + t. What is the remainder when (-1)/2*(-46)/1 is divided by o?
11
Let h = -18 + 12. Let z = h + 12. Suppose -3 = -3*d + 12, -3*d = -5*s + 40. What is the remainder when s is divided by z?
5
Let z = 0 - 1. Suppose -3*g + 0*g + 9 = 0. What is the remainder when 1 + 1 - (z + -4) is divided by g?
1
What is the remainder when 2*(-2)/12 - (-3114)/27 is divided by 17?
13
Let y = -12 + 17. What is the remainder when 14 is divided by y?
4
Let d = 27 + -5. What is the remainder when 60 is divided by d?
16
Let v(y) = -133*y - 2. What is the remainder when v(-1) is divided by 27?
23
Let k = -71 - -110. Calculate the remainder when k is divided by 20.
19
Let a(j) = -5*j - 2*j**2 + j**3 - 3 + 0*j**2 + 6. Let y = -29 + 38. What is the remainder when a(4) is divided by y?
6
Let y(g) = 7*g**3 + 2*g**2 + 2*g - 1. Let a be y(2). Suppose -3*l + a = 5*w, 6*w - w - 63 = -2*l. What is the remainder when w is divided by 4?
3
Suppose 0 = 5*g - 180 - 275. What is the remainder when g is divided by 47?
44
Let f = 58 - 18. Let m = -16 + f. What is the remainder when m is divided by 7?
3
Let u = -4 + 13. What is the remainder when 25 is divided by u?
7
Calculate the remainder when (-330)/(-9) - 1/(-3) is divided by 13.
11
Let t = 0 - -11. What is the remainder when 29 is divided by t?
7
Let k(o) = o**3 + 9*o**2 + 11*o + 4. Suppose -2*a - 4 = 5*r, 2*a = r - a - 6. Suppose -b + 6*b - 65 = r. Calculate the remainder when k(-7) is divided by b.
12
Calculate the remainder when 10 is divided by 5 - (-1 - (-2 - 0)).
2
Suppose -4*i - 58 = -z - 2, -z - 4*i = -32. Suppose 4*l = 7 - 15. Calculate the remainder when z is divided by (-4)/l*30/4.
14
Suppose 5*c - l - 169 = 0, -2*c - 2*l + 0*l = -70. What is the remainder when c is divided by 6?
4
Suppose o + 4*o + 80 = 4*j, 2*j + 3*o - 40 = 0. Calculate the remainder when j is divided by 7.
6
Let r(d) = -d + 27. Calculate the remainder when 74 is divided by r(8).
17
Suppose 0*w - 98 = -3*o + w, -120 = -4*o - 4*w. What is the remainder when o is divided by 11?
10
Calculate the remainder when ((-279)/54 - (-6)/4)*-15 is divided by (2/5)/(2/70).
13
Suppose 6*z + 2*z - 48 = 0. What is the remainder when 16 is divided by z?
4
Suppose 0 = -5*n + 160 + 110. Suppose -w = w + n. Let q = 48 + w. What is the remainder when 62 is divided by q?
20
Let d(r) = -r + 7. Let s be d(-7). Let u = s - 1. What is the remainder when u is divided by 4?
1
Suppose 15 = -5*g - 2*r, -9 = -0*g + 3*g - 4*r. Calculate the remainder when (0 + -1)/(g/87) is divided by 10.
9
Let n(u) = -u**3 - 19*u**2 + 2. What is the remainder when 9 is divided by n(-19)?
1
What is the remainder when 12 is divided by (-2 + 0/(-7))*(-18)/4?
3
Suppose 7*o - 12 = 3*o. Let t be -4*(-1)/(2/o). Suppose 0 = t*b - 3*b - 18. What is the remainder when 16 is divided by b?
4
Suppose 2*v = 3*m - 0*v - 187, 0 = -3*m + 3*v + 183. Calculate the remainder when m is divided by 33.
32
Let o = 24 + -13. Let l(v) = -v**2 + 12*v - 11. Let h be l(9). Let t = h - o. What is the remainder when t is divided by 2?
1
Let k(d) = -1 + d**2 + 3*d + 21*d**2 - 2*d. Let o be k(2). Let x = o + -61. Calculate the remainder when x is divided by 15.
13
Suppose 7*r = 2*r + 115. Calculate the remainder when 62 is divided by r.
16
Calculate the remainder when 8 is divided by 2 - 9/(-4 + 1).
3
Let d(v) = 24*v - 3. Calculate the remainder when d(3) is divided by 35.
34
Let h(j) = 5*j**3 + j**2 - j + 1. Let v be h(1). Suppose -v = 2*r - 5*r, -36 = -z + 3*r. Calculate the remainder when z is divided by 11.
9
Let l(j) = -j**2 + 15*j + 19. Calculate the remainder when l(13) is divided by 23.
22
Let m be (-4)/(-18) - (-3012)/54. Suppose -2*d - 3*c = -2*c - 29, -3*d - 4*c + m = 0. What is the remainder when 35 is divided by d?
11
Let m(d) = -d**2 + 11*d - 6. Let w be m(7). What is the remainder when 79 is divided by (-64)/(-10)*55/w?
15
Let f(w) = w**3 + w**2 + 2*w - 2. Let h = 7 - 5. What is the remainder when 39 is divided by f(h)?
11
Suppose -2*r - 4*q + 3*q = -94, 25 = r - 5*q. What is the remainder when r is divided by ((-36)/10)/((-6)/20)?
9
Let t(j) = 6*j + 2. Let s = 20 + -13. Calculate the remainder when t(s) is divided by 12.
8
Let h = -104 - -173. Let g = h + -35. Let j = 38 + -26. What is the remainder when g is divided by j?
10
Let b = 14 + -1. Suppose 5 + 11 = u + 3*y, -u = 2*y - b. What is the remainder when u/(3/9*1) is divided by 11?
10
Let k = 69 - 53. What is the remainder when 78 is divided by k?
14
Let t(x) = 61*x + 1. Let a be t(2). Suppose 5*m - 152 = a. What is the remainder when m is divided by 14?
13
What is the remainder when 52 is divided by (-321)/(-18) - 4/(-24)?
16
Suppose 1 = 3*r - 2. Suppose 2*i - 15 = -r. What is the remainder when i is divided by 2/1*6/4?
1
Let b = 4 + -5. Calculate the remainder when 202/8 - b/(-4) is divided by (0 - 1)*(-13 - 0).
12
Let w = 153 + -83. Suppose n = 6*n - w. Calculate the remainder when n is divided by 5.
4
Suppose -50 - 166 = -3*o. Let r = o + -47. Let w(j) = 12*j**2 - 2*j - 1. Calculate the remainder when r is divided by w(-1).
12
Let i be (-4)/(-6) - 102/(-9). Suppose -2 + i = 5*n. Suppose -n*q + 2*s = -18, 3*s + 2 = q - 3. Calculate the remainder when 21 is divided by q.
10
Let y(o) = -16*o**3 + o. Let r be y(-1). Let n = 1 + r. Calculate the remainder when n is divided by 6.
4
Suppose -5*d = 22 - 7, a - 3*d - 31 = 0. Let u = a - 2. What is the remainder when u is divided by 11?
9
Let p be 0 + -3*(-4)/6. Suppose p*y - 7*y + 110 = 0. What is the remainder when y is divided by 8?
6
Let i = -97 + 165. What is the remainder when i is divided by 23?
22
Let i be 2/6 - 310/(-6). Suppose -5*c + i = -3*c. What is the remainder when c is divided by (3*3)/(6/(3 - -3))?
8
Suppose 4 = 2*g - 8. What is the remainder when g is divided by 2?
0
Let m = -48 - -55. Calculate the remainder when 33 is divided by m.
5
Suppose -153 = -y - 2*r, 3*y - 2*r - 423 = r. What is the remainder when y is divided by 37?
34
Let c 